{"id":11856,"date":"2021-05-12T04:18:10","date_gmt":"2021-05-12T04:18:10","guid":{"rendered":"https:\/\/www.gavias-theme.com\/wp\/inusti\/?page_id=11856"},"modified":"2022-09-27T18:55:00","modified_gmt":"2022-09-27T18:55:00","slug":"kombi-bakim-onarimi-ve-bakimi","status":"publish","type":"page","link":"http:\/\/www.basariteknikkombi.com\/index.php\/services\/kombi-bakim-onarimi-ve-bakimi\/","title":{"rendered":"Kombi Bak\u0131m Onar\u0131m\u0131 ve Bak\u0131m\u0131"},"content":{"rendered":"\t\t<div data-elementor-type=\"wp-page\" data-elementor-id=\"11856\" class=\"elementor elementor-11856\">\n\t\t\t\t\t\t\t\t\t<section class=\"elementor-section elementor-top-section elementor-element elementor-element-a62508d elementor-section-boxed elementor-section-height-default elementor-section-height-default\" data-id=\"a62508d\" data-element_type=\"section\">\n\t\t\t\t\t\t<div class=\"elementor-container elementor-column-gap-default\">\n\t\t\t\t\t<div class=\"elementor-column elementor-col-33 elementor-top-column elementor-element elementor-element-509c908 top column-style-top\" data-id=\"509c908\" data-element_type=\"column\">\n\t\t\t<div class=\"elementor-widget-wrap elementor-element-populated\">\n\t\t\t\t\t\t\t\t<div class=\"elementor-element elementor-element-9c442bc elementor-widget elementor-widget-image\" data-id=\"9c442bc\" data-element_type=\"widget\" data-widget_type=\"image.default\">\n\t\t\t\t<div class=\"elementor-widget-container\">\n\t\t\t<style>\/*! elementor - v3.7.7 - 20-09-2022 *\/\n.elementor-widget-image{text-align:center}.elementor-widget-image a{display:inline-block}.elementor-widget-image a img[src$=\".svg\"]{width:48px}.elementor-widget-image img{vertical-align:middle;display:inline-block}<\/style>\t\t\t\t\t\t\t\t\t\t\t\t<img width=\"507\" height=\"213\" src=\"http:\/\/www.basariteknikkombi.com\/wp-content\/uploads\/2019\/05\/logo.jpg\" class=\"attachment-full size-full\" alt=\"\" loading=\"lazy\" \/>\t\t\t\t\t\t\t\t\t\t\t\t\t\t\t<\/div>\n\t\t\t\t<\/div>\n\t\t\t\t<div class=\"elementor-element elementor-element-1640017 elementor-view-stacked elementor-shape-circle elementor-widget elementor-widget-icon\" data-id=\"1640017\" data-element_type=\"widget\" data-widget_type=\"icon.default\">\n\t\t\t\t<div class=\"elementor-widget-container\">\n\t\t\t\t\t<div class=\"elementor-icon-wrapper\">\n\t\t\t<a class=\"elementor-icon\" href=\"tel:05365122438\">\n\t\t\t<i aria-hidden=\"true\" class=\"fi flaticon-phone-call\"><\/i>\t\t\t<\/a>\n\t\t<\/div>\n\t\t\t\t<\/div>\n\t\t\t\t<\/div>\n\t\t\t\t<div class=\"elementor-element elementor-element-50c7c18 elementor-widget elementor-widget-gva-icon-box-styles\" data-id=\"50c7c18\" data-element_type=\"widget\" data-widget_type=\"gva-icon-box-styles.default\">\n\t\t\t\t<div class=\"elementor-widget-container\">\n\t\t\t<div class=\"gva-element-gva-icon-box-styles gva-element\">\r\n   \r\n\r\n         <div class=\"widget gsc-icon-box-styles style-2\">\r\n         \r\n                     <h3 class=\"title\">\r\n                                 Bize Ula\u015f\u0131n                     \r\n            <\/h3>\r\n                  <div class=\"content-inner\">\r\n                           <div class=\"desc\">0536 512 24 38<\/div>\r\n                     <\/div>\r\n      <\/div> \r\n      \r\n\r\n\r\n<\/div>\t\t<\/div>\n\t\t\t\t<\/div>\n\t\t\t\t\t<\/div>\n\t\t<\/div>\n\t\t\t\t<div class=\"elementor-column elementor-col-66 elementor-top-column elementor-element elementor-element-1cb6f1d top column-style-top\" data-id=\"1cb6f1d\" data-element_type=\"column\">\n\t\t\t<div class=\"elementor-widget-wrap elementor-element-populated\">\n\t\t\t\t\t\t\t\t<section class=\"elementor-section elementor-inner-section elementor-element elementor-element-b868513 elementor-section-boxed elementor-section-height-default elementor-section-height-default\" data-id=\"b868513\" data-element_type=\"section\">\n\t\t\t\t\t\t<div class=\"elementor-container elementor-column-gap-default\">\n\t\t\t\t\t<div class=\"elementor-column elementor-col-100 elementor-inner-column elementor-element elementor-element-062ce5e top column-style-top\" data-id=\"062ce5e\" data-element_type=\"column\">\n\t\t\t<div class=\"elementor-widget-wrap elementor-element-populated\">\n\t\t\t\t\t\t\t\t<div class=\"elementor-element elementor-element-5081204 elementor-widget elementor-widget-image\" data-id=\"5081204\" data-element_type=\"widget\" data-widget_type=\"image.default\">\n\t\t\t\t<div class=\"elementor-widget-container\">\n\t\t\t\t\t\t\t\t\t\t\t\t\t\t\t<img width=\"719\" height=\"450\" src=\"http:\/\/www.basariteknikkombi.com\/wp-content\/uploads\/2022\/09\/izmir-kombi-tamircisi.png\" class=\"attachment-full size-full\" alt=\"\" loading=\"lazy\" srcset=\"http:\/\/www.basariteknikkombi.com\/wp-content\/uploads\/2022\/09\/izmir-kombi-tamircisi.png 719w, http:\/\/www.basariteknikkombi.com\/wp-content\/uploads\/2022\/09\/izmir-kombi-tamircisi-600x376.png 600w\" sizes=\"(max-width: 719px) 100vw, 719px\" \/>\t\t\t\t\t\t\t\t\t\t\t\t\t\t\t<\/div>\n\t\t\t\t<\/div>\n\t\t\t\t<div class=\"elementor-element elementor-element-202149c elementor-view-stacked elementor-shape-square elementor-widget__width-auto elementor-absolute elementor-widget elementor-widget-icon\" data-id=\"202149c\" data-element_type=\"widget\" data-settings=\"{&quot;_position&quot;:&quot;absolute&quot;}\" data-widget_type=\"icon.default\">\n\t\t\t\t<div class=\"elementor-widget-container\">\n\t\t\t\t\t<div class=\"elementor-icon-wrapper\">\n\t\t\t<div class=\"elementor-icon elementor-animation-float\">\n\t\t\t<i aria-hidden=\"true\" class=\"fas fa-users-cog\"><\/i>\t\t\t<\/div>\n\t\t<\/div>\n\t\t\t\t<\/div>\n\t\t\t\t<\/div>\n\t\t\t\t\t<\/div>\n\t\t<\/div>\n\t\t\t\t\t\t\t<\/div>\n\t\t<\/section>\n\t\t\t\t<div class=\"elementor-element elementor-element-f67bc0d elementor-widget elementor-widget-heading\" data-id=\"f67bc0d\" data-element_type=\"widget\" data-widget_type=\"heading.default\">\n\t\t\t\t<div class=\"elementor-widget-container\">\n\t\t\t<style>\/*! elementor - v3.7.7 - 20-09-2022 *\/\n.elementor-heading-title{padding:0;margin:0;line-height:1}.elementor-widget-heading .elementor-heading-title[class*=elementor-size-]>a{color:inherit;font-size:inherit;line-height:inherit}.elementor-widget-heading .elementor-heading-title.elementor-size-small{font-size:15px}.elementor-widget-heading .elementor-heading-title.elementor-size-medium{font-size:19px}.elementor-widget-heading .elementor-heading-title.elementor-size-large{font-size:29px}.elementor-widget-heading .elementor-heading-title.elementor-size-xl{font-size:39px}.elementor-widget-heading .elementor-heading-title.elementor-size-xxl{font-size:59px}<\/style><h2 class=\"elementor-heading-title elementor-size-default\"><p style=\"margin-bottom: 0.0001pt; line-height: normal; background-image: initial; background-position: initial; background-size: initial; background-repeat: initial; background-attachment: initial; background-origin: initial; background-clip: initial; vertical-align: baseline;\"><a href=\"http:\/\/www.basariteknikkombi.com\/kombi-bakim-onarim\/\" title=\"Kombi Bak\u0131m Onar\u0131m\u0131 ve Bak\u0131m\u0131\" style=\"color: rgb(85, 85, 85); font-family: Arial, &quot;sans-serif&quot;; font-size: 18pt;\"><span style=\"font-size: 26.5pt; font-family: &quot;Roboto Condensed&quot;, &quot;serif&quot;; color: rgb(41, 41, 41); border: 1pt none windowtext; padding: 0cm;\">Kombi Bak\u0131m Onar\u0131m\u0131 ve Bak\u0131m<\/span><\/a><font color=\"#292929\" face=\"Roboto Condensed, serif\"><span style=\"font-size: 35.3333px;\">\u0131<\/span><\/font><\/p><\/h2>\t\t<\/div>\n\t\t\t\t<\/div>\n\t\t\t\t<div class=\"elementor-element elementor-element-b2deadd elementor-widget elementor-widget-text-editor\" data-id=\"b2deadd\" data-element_type=\"widget\" data-widget_type=\"text-editor.default\">\n\t\t\t\t<div class=\"elementor-widget-container\">\n\t\t\t<style>\/*! elementor - v3.7.7 - 20-09-2022 *\/\n.elementor-widget-text-editor.elementor-drop-cap-view-stacked .elementor-drop-cap{background-color:#818a91;color:#fff}.elementor-widget-text-editor.elementor-drop-cap-view-framed .elementor-drop-cap{color:#818a91;border:3px solid;background-color:transparent}.elementor-widget-text-editor:not(.elementor-drop-cap-view-default) .elementor-drop-cap{margin-top:8px}.elementor-widget-text-editor:not(.elementor-drop-cap-view-default) .elementor-drop-cap-letter{width:1em;height:1em}.elementor-widget-text-editor .elementor-drop-cap{float:left;text-align:center;line-height:1;font-size:50px}.elementor-widget-text-editor .elementor-drop-cap-letter{display:inline-block}<\/style>\t\t\t\t<p style=\"margin: 0cm 0cm 15pt; background-image: initial; background-position: initial; background-size: initial; background-repeat: initial; background-attachment: initial; background-origin: initial; background-clip: initial; vertical-align: baseline;\"><span style=\"font-size: 11.5pt;\">K\u0131\u015f aylar\u0131nda k\u00f6m\u00fcr, odun\nmasraf\u0131ndan, soba ve duvar temizli\u011fi gibi zahmetlerden kurtulman\u0131n ad\u0131 olarak\nnitelendirilen kombiler, yaz-k\u0131\u015f s\u0131cak su temini i\u00e7in kullan\u0131l\u0131rken k\u0131\u015f\naylar\u0131nda \u0131s\u0131nma ihtiyac\u0131n\u0131n kar\u015f\u0131lanmas\u0131n\u0131 sa\u011flamaktad\u0131r. Kombilerde yaz-k\u0131\u015f ayar\u0131n\u0131\nkontrol edebilmek i\u00e7in kullan\u0131lan vanalar \u00e7e\u015fitli nedenlerden dolay\u0131 t\u0131kanmakta\nve k\u0131\u015f aylar\u0131nda do\u011falgaz radyat\u00f6rlerinin \u0131s\u0131nmamas\u0131na neden olmaktad\u0131r.\nd\u00f6nemlik bak\u0131mlar\u0131n aksat\u0131lmas\u0131 nedeniyle meydana gelen ar\u0131zalar\u0131, Basari\nTeknik kombi servisi k\u0131sa s\u00fcre i\u00e7erisinde servis \u00fccreti dahilinde tamir\netmekte, gerekli kontrolleri de yapmaktad\u0131r.<\/span><\/p>\n<p style=\"margin: 0cm 0cm 15pt; background-image: initial; background-position: initial; background-size: initial; background-repeat: initial; background-attachment: initial; background-origin: initial; background-clip: initial; vertical-align: baseline;\"><span style=\"font-size: 11.5pt;\">\nOlu\u015fan bas\u0131n\u00e7 sorunlar\u0131n\u0131 ve voltaj s\u0131k\u0131nt\u0131lar\u0131nda \u00e7e\u015fitli kodlarla kullan\u0131c\u0131y\u0131\nbilgilendiren kombiler, b\u00f6lgesel elektrik ar\u0131zalar\u0131nda ve y\u00fcksek voltaj\nnedeniyle ar\u0131zalanmakta, \u00e7o\u011fu zaman hi\u00e7 \u00e7al\u0131\u015fmamaktad\u0131r. Ba\u015far\u0131 teknik\nkullan\u0131c\u0131y\u0131 gerekli \u015fekilde bilgilendirmekte m\u00fcmk\u00fcn olan tamir i\u015flemlerini\nyerine getirmektedir. periyodik kombi bak\u0131m\u0131n\u0131 yaparak olu\u015fabilecek olas\u0131\nar\u0131zalar\u0131n \u00f6n\u00fcne ge\u00e7ilmesi sa\u011flan\u0131rken olu\u015fan ar\u0131zalar nedeniyle y\u00fcksek b\u00fct\u00e7eli\nmasraflardan kullan\u0131c\u0131 kurtar\u0131lmaktad\u0131r.<\/span><\/p>\n<p style=\"margin: 0cm 0cm 15pt; background-image: initial; background-position: initial; background-size: initial; background-repeat: initial; background-attachment: initial; background-origin: initial; background-clip: initial; vertical-align: baseline;\"><span style=\"font-size: 11.5pt;\">\nT\u00fcm marka ve model do\u011falgaz kombilerinin tamir, bak\u0131m ve onar\u0131m i\u015flemlerini\nb\u00fcy\u00fck bir ciddiyetle yapan Ba\u015far\u0131 Teknik kombi servisi g\u00fcvenilir servis\npersoneli ile g\u00fcler y\u00fczl\u00fc teknik servis hizmeti sunmaktad\u0131r. kullan\u0131c\u0131n\u0131n\nbeklentilerinin k\u0131sa s\u00fcrede yerine getirilmesi, tamir i\u015fleminin k\u0131sa s\u00fcrede\nyap\u0131lmas\u0131 gibi nedenlerle %100 m\u00fc\u015fteri memnuniyeti garantisi verilmektedir.\nayr\u0131ca yap\u0131lan teknik servis hizmetleri s\u0131ras\u0131nda de\u011fi\u015fimi yap\u0131lan yedek\npar\u00e7alar i\u00e7in m\u00fc\u015fteriye \u00fcretici firman\u0131n garanti s\u00fcresi verilmekte ar\u0131zan\u0131n\ntekrarlanmas\u0131 halinde m\u00fc\u015fteriden her hangi bir \u00fccret talep edilmemektedir.<\/span><\/p>\t\t\t\t\t\t<\/div>\n\t\t\t\t<\/div>\n\t\t\t\t\t<\/div>\n\t\t<\/div>\n\t\t\t\t\t\t\t<\/div>\n\t\t<\/section>\n\t\t\t\t\t\t\t<\/div>\n\t\t","protected":false},"excerpt":{"rendered":"<p>Bize Ula\u015f\u0131n 0536 512 24 38 Kombi Bak\u0131m Onar\u0131m\u0131 ve Bak\u0131m\u0131 K\u0131\u015f aylar\u0131nda k\u00f6m\u00fcr, odun masraf\u0131ndan, soba ve duvar temizli\u011fi gibi zahmetlerden kurtulman\u0131n ad\u0131 olarak nitelendirilen kombiler, yaz-k\u0131\u015f s\u0131cak su [&hellip;]<\/p>\n","protected":false},"author":1,"featured_media":0,"parent":3124,"menu_order":0,"comment_status":"closed","ping_status":"closed","template":"","meta":{"_themeisle_gutenberg_block_has_review":false},"_links":{"self":[{"href":"http:\/\/www.basariteknikkombi.com\/index.php\/wp-json\/wp\/v2\/pages\/11856"}],"collection":[{"href":"http:\/\/www.basariteknikkombi.com\/index.php\/wp-json\/wp\/v2\/pages"}],"about":[{"href":"http:\/\/www.basariteknikkombi.com\/index.php\/wp-json\/wp\/v2\/types\/page"}],"author":[{"embeddable":true,"href":"http:\/\/www.basariteknikkombi.com\/index.php\/wp-json\/wp\/v2\/users\/1"}],"replies":[{"embeddable":true,"href":"http:\/\/www.basariteknikkombi.com\/index.php\/wp-json\/wp\/v2\/comments?post=11856"}],"version-history":[{"count":10,"href":"http:\/\/www.basariteknikkombi.com\/index.php\/wp-json\/wp\/v2\/pages\/11856\/revisions"}],"predecessor-version":[{"id":13092,"href":"http:\/\/www.basariteknikkombi.com\/index.php\/wp-json\/wp\/v2\/pages\/11856\/revisions\/13092"}],"up":[{"embeddable":true,"href":"http:\/\/www.basariteknikkombi.com\/index.php\/wp-json\/wp\/v2\/pages\/3124"}],"wp:attachment":[{"href":"http:\/\/www.basariteknikkombi.com\/index.php\/wp-json\/wp\/v2\/media?parent=11856"}],"curies":[{"name":"wp","href":"https:\/\/api.w.org\/{rel}","templated":true}]}}